{"id":2,"date":"2020-10-07T07:09:45","date_gmt":"2020-10-07T07:09:45","guid":{"rendered":"http:\/\/angele-art-connexion.com\/?page_id=2"},"modified":"2020-10-21T14:00:22","modified_gmt":"2020-10-21T14:00:22","slug":"sample-page","status":"publish","type":"page","link":"https:\/\/angele-art-connexion.com\/en\/sample-page","title":{"rendered":"Prochain Atelier : Aquarelle m\u00e9ditative le 15\/11\/20"},"content":{"rendered":"<p><strong>Accorde-toi un instant de s\u00e9r\u00e9nit\u00e9 cr\u00e9ative sur le th\u00e8me de l\u2019Abondance<\/strong><\/p>\n\n\n\n<p><strong>L\u2019abondance est notre droit de naissance !&nbsp;<\/strong><\/p>\n\n\n\n<p>L\u2019abondance, c\u2019est la capacit\u00e9 que l\u2019on a \u00e0 attirer de l\u2019\u00e9nergie, \u00e0 attirer des ondes positives, \u00e0 attirer toutes formes de richesse qui peuvent venir \u00e0 nous et c\u2019est ce que nous allons faire pendant cet atelier d\u2019aquarelle meditative d\u00e9di\u00e9 \u00e0 l\u2019Abondance !<\/p>\n\n\n\n<p><strong>L\u2019aquarelle m\u00e9ditative :<\/strong><\/p>\n\n\n\n<p>En rejoignant cet atelier tu vas acc\u00e9der \u00e0 une m\u00e9ditation guid\u00e9e qui allie la respiration en pleine conscience avec le l\u00e2cher prise total via l\u2019aquarelle.&nbsp;<\/p>\n\n\n\n<p>Pendant cet instant tu vas compl\u00e8tement te laisser aller, berc\u00e9 par la douceur de l\u2019aquarelle et te reconnecter avec ton \u00e2me d\u2019enfant.<\/p>\n\n\n\n<p>L\u2019aquarelle a des vertues th\u00e9rapeuthiques puissantes car nous utilisons l\u2019eau, l\u2019\u00e9l\u00e9ment essentielle \u00e0 la vie, ainsi que des pigments. Par ailleurs, nous sommes nous m\u00eame compos\u00e9s \u00e0 plus de 60% d\u2019eau. Nous allons donc cr\u00e9er une connexion entre le conscient et l\u2019inconscient pendant cette s\u00e9ance.<\/p>\n\n\n\n<p>Nous ne sommes pas \u00e0 la recherche de faire un chef d\u2019oeuvre, sache que tu es d\u00e9j\u00e0 une cr\u00e9ation parfaite. Le r\u00e9sultat avec l\u2019aquarelle est compl\u00e8tement impr\u00e9visible, et c\u2019est ce qui fait de ce moment, un instant magique !<\/p>\n\n\n\n<p><strong>Cet atelier est accessible pour tous !&nbsp;<\/strong><\/p>\n\n\n\n<p>Peu importe ton niveau de dev perso, aquarelle, spiritualit\u00e9, etc<\/p>\n\n\n\n<p>Nombre de place <strong>limit\u00e9 \u00e0 30 participants<\/strong><\/p>\n\n\n\n<p><strong>Dur\u00e9e<\/strong> : 45 minutes<\/p>\n\n\n\n<p><strong>Mat\u00e9riel :<\/strong><\/p>\n\n\n\n<p>Pr\u00e9paration avant l\u2019atelier :<\/p>\n\n\n\n<ul><li>Peinture aquarelle\u00a0une couleur peut suffire et si tu as une palette tu auras plus de choix \ud83d\ude09<\/li><\/ul>\n\n\n\n<ul><li>Papiers aquarelle, Format : A5, A4 ou A3 \u00e0 toi de choisir ce qu\u2019il te convient, je recommande le A4 de pr\u00e9f\u00e9rence minimum 240gr, sinon le papier va gondol\u00e9, c\u2019est aussi possible d\u2019utiliser du papier d\u2019imprimante \u00e0 d\u00e9faut<\/li><\/ul>\n\n\n\n<ul><li>Un pinceau<\/li><li>Une palette ou une assiete pour mixer les couleurs&nbsp;<\/li><li>Un stylo<\/li><li>Un verre d\u2019eau<\/li><li>Papier absorbant, type essuie-tout<\/li><\/ul>\n\n\n\n<p><strong>Pr\u00e9paration \u00e0 l\u2019atelier :<\/strong><\/p>\n\n\n\n<ul><li>\u00catre dans un endroit au calme<\/li><li>Couper son t\u00e9l\u00e9phone et les interactions ext\u00e9rieures<\/li><li>Il est recommand\u00e9 d\u2019avoir uniquement la page zoom (logiciel pour la vid\u00e9o conf) d\u2019ouvert<\/li><li>Cr\u00e9e toi ton espace de d\u00e9tente: bougie, fleurs, th\u00e9 ou infusion<\/li><\/ul>\n\n\n\n<p><strong>Qu\u2019est ce que l\u2019art th\u00e9rapie ?<\/strong><\/p>\n\n\n\n<p>C\u2019est une approche ludique aux vertus th\u00e9rapeutiques qui utilise l\u2019expression cr\u00e9ative afin de poser \u00e0 plat sur le papier ses \u00e9motions pour mieux les comprendre et aller de l\u2019avant dans son d\u00e9veloppement personnel.<\/p>\n\n\n\n<p>On n\u2019est pas l\u00e0 pour faire un chef d\u2019oeuvre mais pour se relaxer.<\/p>\n\n\n\n<p>Cet atelier n\u2019est pas un cours technique d\u2019aquarelle, donc pas de pression \ud83d\ude09<\/p>\n\n\n\n<p> <\/p>\n\n\n\n<p><strong>Votre Guide : Ang\u00e8le Dietenbeck<\/strong><\/p>\n\n\n\n<p>Cr\u00e9atrice d\u2019art spirituel et coach en Art th\u00e9rapie <\/p>\n\n\n\n<p>Je suis pr\u00e9sente pour te guider dans ton cheminement vers la s\u00e9r\u00e9nit\u00e9 \u00e0 travers l\u2019art.<\/p>\n\n\n\n<p>Instagram : @angele.art.connexion<\/p>","protected":false},"excerpt":{"rendered":"<p>Accorde-toi un instant de s\u00e9r\u00e9nit\u00e9 cr\u00e9ative sur le th\u00e8me de l\u2019Abondance L\u2019abondance est notre droit de naissance !&nbsp; L\u2019abondance, c\u2019est la capacit\u00e9 que l\u2019on a \u00e0 attirer de l\u2019\u00e9nergie, \u00e0 attirer des ondes positives, \u00e0 attirer toutes formes de richesse qui peuvent venir \u00e0 nous et c\u2019est ce que nous allons faire pendant cet atelier &hellip;<\/p>\n<p class=\"read-more\"> <a class=\"\" href=\"https:\/\/angele-art-connexion.com\/en\/sample-page\"> <span class=\"screen-reader-text\">Prochain Atelier : Aquarelle m\u00e9ditative le 15\/11\/20<\/span> Read More &raquo;<\/a><\/p>","protected":false},"author":1,"featured_media":0,"parent":0,"menu_order":0,"comment_status":"closed","ping_status":"open","template":"","meta":[],"_links":{"self":[{"href":"https:\/\/angele-art-connexion.com\/en\/wp-json\/wp\/v2\/pages\/2"}],"collection":[{"href":"https:\/\/angele-art-connexion.com\/en\/wp-json\/wp\/v2\/pages"}],"about":[{"href":"https:\/\/angele-art-connexion.com\/en\/wp-json\/wp\/v2\/types\/page"}],"author":[{"embeddable":true,"href":"https:\/\/angele-art-connexion.com\/en\/wp-json\/wp\/v2\/users\/1"}],"replies":[{"embeddable":true,"href":"https:\/\/angele-art-connexion.com\/en\/wp-json\/wp\/v2\/comments?post=2"}],"version-history":[{"count":1,"href":"https:\/\/angele-art-connexion.com\/en\/wp-json\/wp\/v2\/pages\/2\/revisions"}],"predecessor-version":[{"id":33,"href":"https:\/\/angele-art-connexion.com\/en\/wp-json\/wp\/v2\/pages\/2\/revisions\/33"}],"wp:attachment":[{"href":"https:\/\/angele-art-connexion.com\/en\/wp-json\/wp\/v2\/media?parent=2"}],"curies":[{"name":"wp","href":"https:\/\/api.w.org\/{rel}","templated":true}]}}

Prochain Atelier : Aquarelle méditative le 15/11/20

<p><strong>Accorde-toi un instant de sérénité créative sur le thème de l’Abondance</strong></p>



<p><strong>L’abondance est notre droit de naissance !&nbsp;</strong></p>



<p>L’abondance, c’est la capacité que l’on a à attirer de l’énergie, à attirer des ondes positives, à attirer toutes formes de richesse qui peuvent venir à nous et c’est ce que nous allons faire pendant cet atelier d’aquarelle meditative dédié à l’Abondance !</p>



<p><strong>L’aquarelle méditative :</strong></p>



<p>En rejoignant cet atelier tu vas accéder à une méditation guidée qui allie la respiration en pleine conscience avec le lâcher prise total via l’aquarelle.&nbsp;</p>



<p>Pendant cet instant tu vas complètement te laisser aller, bercé par la douceur de l’aquarelle et te reconnecter avec ton âme d’enfant.</p>



<p>L’aquarelle a des vertues thérapeuthiques puissantes car nous utilisons l’eau, l’élément essentielle à la vie, ainsi que des pigments. Par ailleurs, nous sommes nous même composés à plus de 60% d’eau. Nous allons donc créer une connexion entre le conscient et l’inconscient pendant cette séance.</p>



<p>Nous ne sommes pas à la recherche de faire un chef d’oeuvre, sache que tu es déjà une création parfaite. Le résultat avec l’aquarelle est complètement imprévisible, et c’est ce qui fait de ce moment, un instant magique !</p>



<p><strong>Cet atelier est accessible pour tous !&nbsp;</strong></p>



<p>Peu importe ton niveau de dev perso, aquarelle, spiritualité, etc</p>



<p>Nombre de place <strong>limité à 30 participants</strong></p>



<p><strong>Durée</strong> : 45 minutes</p>



<p><strong>Matériel :</strong></p>



<p>Préparation avant l’atelier :</p>



<ul><li>Peinture aquarelle une couleur peut suffire et si tu as une palette tu auras plus de choix 😉</li></ul>



<ul><li>Papiers aquarelle, Format : A5, A4 ou A3 à toi de choisir ce qu’il te convient, je recommande le A4 de préférence minimum 240gr, sinon le papier va gondolé, c’est aussi possible d’utiliser du papier d’imprimante à défaut</li></ul>



<ul><li>Un pinceau</li><li>Une palette ou une assiete pour mixer les couleurs&nbsp;</li><li>Un stylo</li><li>Un verre d’eau</li><li>Papier absorbant, type essuie-tout</li></ul>



<p><strong>Préparation à l’atelier :</strong></p>



<ul><li>Être dans un endroit au calme</li><li>Couper son téléphone et les interactions extérieures</li><li>Il est recommandé d’avoir uniquement la page zoom (logiciel pour la vidéo conf) d’ouvert</li><li>Crée toi ton espace de détente: bougie, fleurs, thé ou infusion</li></ul>



<p><strong>Qu’est ce que l’art thérapie ?</strong></p>



<p>C’est une approche ludique aux vertus thérapeutiques qui utilise l’expression créative afin de poser à plat sur le papier ses émotions pour mieux les comprendre et aller de l’avant dans son développement personnel.</p>



<p>On n’est pas là pour faire un chef d’oeuvre mais pour se relaxer.</p>



<p>Cet atelier n’est pas un cours technique d’aquarelle, donc pas de pression 😉</p>



<p> </p>



<p><strong>Votre Guide : Angèle Dietenbeck</strong></p>



<p>Créatrice d’art spirituel et coach en Art thérapie </p>



<p>Je suis présente pour te guider dans ton cheminement vers la sérénité à travers l’art.</p>



<p>Instagram : @angele.art.connexion</p>

<p>Accorde-toi un instant de sérénité créative sur le thème de l’Abondance L’abondance est notre droit de naissance !&nbsp; L’abondance, c’est la capacité que l’on a à attirer de l’énergie, à attirer des ondes positives, à attirer toutes formes de richesse qui peuvent venir à nous et c’est ce que nous allons faire pendant cet atelier &hellip;</p>
<p class="read-more"> <a class="" href="https://angele-art-connexion.com/en/sample-page"> <span class="screen-reader-text">Prochain Atelier : Aquarelle méditative le 15/11/20</span> Read More &raquo;</a></p>
